ase 11) to base 7
51533
Convert -3ba2 (base 16) to base 11.
-10519
What is -6c6e (base 16) in base 14?
-a18a
164350 (base 7) to base 8
77777
-328 (base 11) to base 15
-1b3
What is 200022222 (base 3) in base 7?
53651
Convert -709 (base 16) to base 10.
-1801
454 (base 12) to base 8
1200
What is -15830 (base 9) in base 8?
-25201
3977 (base 13) to base 15
2675
Convert -ac4 (base 15) to base 12.
-14aa
What is -73012 (base 9) in base 3?
-2110000102
-624 (base 12) to base 13
-538
Convert -281 (base 9) to base 7.
-454
-3120 (base 7) to base 3
-1111110
2422443 (base 5) to base 16
b13d
Convert -4132 (base 7) to base 15.
-664
-2409 (base 13) to base 16
-13d7
What is 1202111 (base 3) in base 7?
3511
-150545 (base 6) to base 7
-60113
What is 51863 (base 9) in base 2?
1000010110111111
What is -101122 (base 4) in base 15?
-4e4
Convert -4403 (base 8) to base 2.
-100100000011
What is 1c6d (base 16) in base 5?
213102
Convert 201301 (base 4) to base 14.
b05
5337 (base 14) to base 6
150245
Convert -4a1 (base 14) to base 8.
-1635
Convert -10000011011 (base 2) to base 4.
-100123
Convert -3d1 (base 16) to base 5.
-12402
What is 112143 (base 5) in base 6?
30424
Convert -1034 (base 6) to base 9.
-284
Convert 708 (base 9) to base 16.
23f
-2105 (base 7) to base 12
-518
330100 (base 4) to base 11
2996
1621 (base 7) to base 5
10102
Convert 135 (base 11) to base 14.
b5
What is 5784 (base 10) in base 11?
4389
Convert -1214 (base 8) to base 5.
-10102
Convert -1110001 (base 2) to base 15.
-78
671 (base 16) to base 3
2021002
What is -10213 (base 5) in base 6?
-3055
What is 2200 (base 13) in base 12?
28a4
Convert 794 (base 15) to base 10.
1714
What is -100200 (base 3) in base 5?
-2021
Convert 3799 (base 10) to base 8.
7327
Convert -51066 (base 7) to base 12.
-7210
-23011 (base 7) to base 16
-16cf
29313 (base 12) to base 6
1122023
What is -418 (base 11) in base 15?
-238
What is -12201111 (base 3) in base 4?
-1001023
-345 (base 10) to base 11
-294
5243 (base 6) to base 16
49b
-1110011100010 (base 2) to base 7
-30362
Convert -43442 (base 5) to base 9.
-4100
-29a97 (base 12) to base 11
-40014
Convert 212200100 (base 3) to base 4.
10031232
Convert -69 (base 13) to base 8.
-127
Convert 110101 (base 4) to base 12.
901
-9104 (base 11) to base 3
-121121022
Convert -4b54 (base 12) to base 11.
-6482
110220 (base 3) to base 16
15c
Convert 76426 (base 8) to base 16.
7d16
Convert -20022 (base 5) to base 2.
-10011101110
What is -251 (base 14) in base 3?
-122011
Convert 320331 (base 4) to base 11.
2814
Convert 11422 (base 8) to base 15.
16a7
-11443 (base 5) to base 15
-3d3
-6413 (base 7) to base 15
-a0e
Convert -2509 (base 14) to base 4.
-1211031
1d1 (base 14) to base 16
17b
What is 211101 (base 3) in base 15?
2a4
1012101000 (base 3) to base 9
35330
What is 10834 (base 11) in base 15?
4981
What is 112012 (base 3) in base 9?
465
26723 (base 10) to base 5
1323343
Convert -1111110210 (base 3) to base 10.
-29505
What is 2032422 (base 5) in base 16?
82cf
What is 10111222 (base 3) in base 5?
40224
80 (base 15) to base 2
1111000
What is 53245 (base 6) in base 8?
16075
Convert -220 (base 10) to base 3.
-22011
What is 2220 (base 6) in base 3?
201010
Convert 3258 (base 13) to base 2.
1101101011010
Convert -15a6 (base 15) to base 3.
-20101110
What is 14374 (base 12) in base 9?
42567
Convert 11110011 (base 2) to base 7.
465
What is 55051 (base 9) in base 4?
20322100
Convert 197 (base 10) to base 7.
401
What is -345 (base 10) in base 11?
-294
11101021 (base 3) to base 4
301321
-20010 (base 5) to base 9
-1644
What is -20143 (base 10) in base 7?
-112504
-11676 (base 12) to base 16
-5b7a
-15e0 (base 15) to base 16
-1266
-4457 (base 8) to base 11
-1848
What is -12332003 (base 4) in base 10?
-28547
Convert 33121 (base 5) to base 4.
203232
Convert 1011102 (base 3) to base 15.
3b8
What is -21a (base 14) in base 8?
-640
Convert -2144 (base 7) to base 12.
-53b
Convert -f9 (base 16) to base 4.
-3321
Convert 982 (base 16) to base 2.
100110000010
-816d (base 16) to base 6
-413221
What is -1114 (base 7) in base 11?
-337
Convert 22424 (base 5) to base 4.
121032
-898 (base 13) to base 2
-10111000101
30517 (base 8) to base 14
4859
Convert 6a8 (base 11) to base 8.
1514
4eb (base 15) to base 9
1475
Convert -1525 (base 7) to base 15.
-2a7
Convert 4b54 (base 13) to base 10.
10716
185 (base 12) to base 6
1045
What is 1b50 (base 13) in base 9?
5578
Convert -5d02 (base 14) to base 8.
-37616
What is 116761 (base 8) in base 12?
1b495
What is -1b8 (base 12) in base 2?
-100011100
What is -4067 (base 9) in base 2?
-101110100001
-1522 (base 6) to base 11
-343
Convert -23200 (base 5) to base 8.
-3213
Convert -332131 (base 6) to base 16.
-6c37
What is 74e (base 15) in base 10?
1649
28a (base 13) to base 6
2032
2c58 (base 16) to base 4
2301120
-50401 (base 6) to base 8
-14741
Convert 30043 (base 5) to base 7.
5351
3876 (base 14) to base 10
9904
-d7c (base 14) to base 15
-bc3
-1597 (base 12) to base 14
-d11
-1472 (base 14) to base 5
-104003
What is 3034024 (base 5) in base 14?
13d4c
Convert 30155 (base 6) to base 13.
1a57
What is -2089 (base 15) in base 3?
-100102210
-10000022 (base 3) to base 4
-202103
What is a230 (base 11) in base 5?
413320
What is 1221100 (base 3) in base 2?
10110000101
What is -5785 (base 9) in base 10?
-4289
1825 (base 13) to base 8
6774
Convert -66432 (base 7) to base 9.
-24786
Convert -1001010101 (base 2) to base 12.
-419
-20210012 (base 3) to base 4
-1031102
7df (base 16) to base 10
2015
Convert -43245 (base 7) to base 8.
-25014
Convert 1e63 (base 15) to base 5.
202433
What is -582 (base 10) in base 9?
-716
Convert -11000 (base 4) to base 6.
-1252
What is -14232 (base 6) in base 15?
-a02
2504 (base 8) to base 10
1348
Convert 4b5a (base 14) to base 3.
200010100
What is -42a (base 13) in base 6?
-3144
-1460 (base 10) to base 16
-5b4
Convert -1960 (base 13) to base 11.
-2941
Convert -10110000010 (base 2) to base 5.
-21120
Convert 14421 (base 6) to base 10.
2317
What is 44b1 (base 13) in base 11?
7245
What is -109 (base 13) in base 14?
-ca
What is 725 (base 8) in base 12?
331
What is -277 (base 15) in base 3?
-202211
What is -111433 (base 5) in base 9?
-5426
342 (base 15) to base 16
2e1
What is 1010001100 (base 2) in base 3?
220011
Convert -44683 (base 9) to base 7.
-152436
49563 (base 10) to base 8
140633
-11106 (base 9) to base 16
-1cd1
What is 11442 (base 5) in base 2?
1101101000
-155041 (base 7) to base 16
-775c
cec4 (base 15) to base 7
241540
Convert 702 (base 11) to base 14.
449
Convert 32113 (base 4) to base 15.
414
Convert 1000100 (base 2) to base 8.
104
What is -a782 (base 16) in base 10?
-42882
Convert -427 (base 14) to base 15.
-399
Convert -16146 (base 9) to base 13.
-5058
What is -1001111111001 (base 2) in base 5?
-130423
-45 (base 12) to base 15
-38
Convert -64b (base 13) to base 7.
-3066
What is -222 (base 6) in base 8?
-126
1303 (base 6) to base 11
278
Convert 1011011 (base 3) to base 14.
441
323 (base 12) to base 15
209
-320 (base 15) to base 2
-1011000001
166 (base 10) to base 12
11a
3002230 (base 4) to base 3
122002111
Convert a341 (base 14) to base 15.
84c5
What is 212120 (base 3) in base 2?
1001111100
What is -1562 (base 7) in base 16?
-278
Convert 14734 (base 8) to base 7.
25205
25444 (base 7) to base 6
51121
Convert -4423 (base 6) to base 10.
-1023
Convert 200220 (base 3) to base 6.
2210
423 (base 10) to base 6
1543
Convert -11010 (base 3) to base 8.
-157
What is 10025 (base 6) in base 11?
a94
100000101001 (base 2) to base 12
1261
Convert -1314220 (base 5) to base 11.
-18745
Convert -12334 (base 5) to base 3.
-1022220
What is -2848 (base 9) in base 11?
-1685
What is 57db (base 16) in base 8?
53733
-2351 (base 6) to base 4
-20323
What is 6110 (base 7) in base 16?
842
Convert -961c (base 14) to base 7.
-135335
What is 3671 (base 8) in base 4?
132321
What is -440 (base 7) in base 15?
-ee
What is -42398 (base 10) in base 12?
-20652
-238 (base 15) to base 8
-767
Convert -5264 (base 15) to base 12.
-a0b7
13562 (base 8) to base 12
3582
What is -876 (base 10) in base 13?
-525
What is -3523 (base 8) in base 7?
-5316
2949 (base 10) to base 4
232011
Convert -5500 (base 11) to base 10.
-7260
What is -71745 (base 8) in base 3?
-1111200212
Convert 571 (base 11) to base 3.
221022
What is -166 (base 13) i